at is the remainder when 552 is divided by 120?
72
What is the remainder when 669 is divided by 96?
93
What is the remainder when 519 is divided by 17?
9
What is the remainder when 288 is divided by 83?
39
Calculate the remainder when 793 is divided by 157.
8
What is the remainder when 1923 is divided by 7?
5
What is the remainder when 351 is divided by 63?
36
Calculate the remainder when 24 is divided by 16.
8
What is the remainder when 552 is divided by 30?
12
Calculate the remainder when 3442 is divided by 128.
114
What is the remainder when 660 is divided by 314?
32
What is the remainder when 190 is divided by 143?
47
Calculate the remainder when 798 is divided by 217.
147
What is the remainder when 533 is divided by 254?
25
Calculate the remainder when 204 is divided by 203.
1
Calculate the remainder when 11049 is divided by 12.
9
What is the remainder when 555 is divided by 538?
17
Calculate the remainder when 4587 is divided by 62.
61
What is the remainder when 11885 is divided by 15?
5
What is the remainder when 1057 is divided by 352?
1
Calculate the remainder when 574 is divided by 124.
78
Calculate the remainder when 1672 is divided by 93.
91
Calculate the remainder when 53 is divided by 7.
4
What is the remainder when 1185 is divided by 41?
37
Calculate the remainder when 41 is divided by 7.
6
What is the remainder when 1488 is divided by 10?
8
Calculate the remainder when 111 is divided by 3.
0
What is the remainder when 47 is divided by 10?
7
What is the remainder when 1290 is divided by 81?
75
Calculate the remainder when 239 is divided by 27.
23
What is the remainder when 1578 is divided by 24?
18
Calculate the remainder when 860 is divided by 171.
5
What is the remainder when 1659 is divided by 815?
29
Calculate the remainder when 543 is divided by 14.
11
What is the remainder when 84 is divided by 24?
12
Calculate the remainder when 79 is divided by 22.
13
What is the remainder when 61 is divided by 37?
24
What is the remainder when 2474 is divided by 15?
14
What is the remainder when 999 is divided by 22?
9
What is the remainder when 539 is divided by 241?
57
Calculate the remainder when 985 is divided by 319.
28
Calculate the remainder when 629 is divided by 15.
14
What is the remainder when 3587 is divided by 23?
22
Calculate the remainder when 48071 is divided by 24.
23
Calculate the remainder when 6400 is divided by 66.
64
Calculate the remainder when 8619 is divided by 69.
63
Calculate the remainder when 1977 is divided by 22.
19
Calculate the remainder when 30 is divided by 20.
10
What is the remainder when 6578 is divided by 51?
50
Calculate the remainder when 464 is divided by 444.
20
What is the remainder when 178 is divided by 40?
18
What is the remainder when 189 is divided by 24?
21
Calculate the remainder when 150 is divided by 63.
24
Calculate the remainder when 1069 is divided by 45.
34
What is the remainder when 590 is divided by 46?
38
What is the remainder when 41 is divided by 11?
8
Calculate the remainder when 2392 is divided by 38.
36
Calculate the remainder when 1287 is divided by 43.
40
Calculate the remainder when 103 is divided by 100.
3
What is the remainder when 54 is divided by 10?
4
Calculate the remainder when 482 is divided by 101.
78
What is the remainder when 1355 is divided by 97?
94
What is the remainder when 257 is divided by 103?
51
Calculate the remainder when 169 is divided by 86.
83
Calculate the remainder when 9 is divided by 5.
4
Calculate the remainder when 370 is divided by 72.
10
What is the remainder when 1003 is divided by 157?
61
What is the remainder when 17730 is divided by 17?
16
What is the remainder when 3671 is divided by 63?
17
Calculate the remainder when 168 is divided by 30.
18
Calculate the remainder when 1558 is divided by 224.
214
What is the remainder when 849 is divided by 138?
21
What is the remainder when 55 is divided by 23?
9
Calculate the remainder when 165 is divided by 44.
33
Calculate the remainder when 513 is divided by 161.
30
What is the remainder when 265 is divided by 27?
22
What is the remainder when 10249 is divided by 44?
41
What is the remainder when 661 is divided by 48?
37
Calculate the remainder when 696 is divided by 339.
18
Calculate the remainder when 231 is divided by 106.
19
What is the remainder when 2542 is divided by 48?
46
Calculate the remainder when 387 is divided by 197.
190
Calculate the remainder when 228 is divided by 47.
40
What is the remainder when 31 is divided by 12?
7
Calculate the remainder when 547 is divided by 195.
157
What is the remainder when 118 is divided by 15?
13
Calculate the remainder when 765 is divided by 331.
103
What is the remainder when 302 is divided by 18?
14
What is the remainder when 1870 is divided by 18?
16
Calculate the remainder when 95 is divided by 7.
4
Calculate the remainder when 144 is divided by 54.
36
Calculate the remainder when 14944 is divided by 53.
51
Calculate the remainder when 18610 is divided by 94.
92
What is the remainder when 106 is divided by 45?
16
Calculate the remainder when 1792 is divided by 86.
72
What is the remainder when 19 is divided by 13?
6
Calculate the remainder when 1047 is divided by 20.
7
Calculate the remainder when 97 is divided by 9.
7
Calculate the remainder when 640 is divided by 19.
13
Calculate the remainder when 480 is divided by 161.
158
Calculate the remainder when 8899 is divided by 9.
7
What is the remainder when 1300 is divided by 21?
19
Calculate the remainder when 111 is divided by 32.
15
What is the remainder when 192 is divided by 49?
45
What is the remainder when 326 is divided by 107?
5
Calculate the remainder when 155 is divided by 26.
25
What is the remainder when 937 is divided by 67?
66
What is the remainder when 3378 is divided by 1686?
6
Calculate the remainder when 501 is divided by 21.
18
Calculate the remainder when 170 is divided by 23.
9
What is the remainder when 298 is divided by 19?
13
What is the remainder when 1668 is divided by 50?
18
Calculate the remainder when 286 is divided by 156.
130
What is the remainder when 378 is divided by 49?
35
What is the remainder when 36 is divided by 17?
2
What is the remainder when 682 is divided by 188?
118
Calculate the remainder when 1194 is divided by 52.
50
What is the remainder when 167841 is divided by 142?
139
What is the remainder when 44 is divided by 24?
20
What is the remainder when 100 is divided by 71?
29
Calculate the remainder when 767 is divided by 8.
7
Calculate the remainder when 942 is divided by 50.
42
What is the remainder when 2757 is divided by 120?
117
What is the remainder when 233 is divided by 24?
17
Calculate the remainder when 34 is divided by 6.
4
What is the remainder when 39 is divided by 2?
1
Calculate the remainder when 175 is divided by 8.
7
What is the remainder when 437 is divided by 88?
85
Calculate the remainder when 1801 is divided by 509.
274
What is the remainder when 163 is divided by 93?
70
Calculate the remainder when 452 is divided by 218.
16
What is the remainder when 178 is divided by 54?
16
Calculate the remainder when 17198 is divided by 21.
20
What is the remainder when 709 is divided by 29?
13
Calculate the remainder when 636 is divided by 66.
42
Calculate the remainder when 77 is divided by 10.
7
What is the remainder when 178 is divided by 45?
43
Calculate the remainder when 195 is divided by 33.
30
What is the remainder when 988 is divided by 22?
20
Calculate the remainder when 210 is divided by 39.
15
What is the remainder when 3027 is divided by 30?
27
Calculate the remainder when 13396 is divided by 22.
20
What is the remainder when 506 is divided by 181?
144
Calculate the remainder when 382 is divided by 157.
68
Calculate the remainder when 151 is divided by 148.
3
What is the remainder when 134 is divided by 47?
40
Calculate the remainder when 1959 is divided by 94.
79
What is the remainder when 72 is divided by 27?
18
What is the remainder when 401 is divided by 23?
10
What is the remainder when 44 is divided by 5?
4
What is the remainder when 271 is divided by 93?
85
What is the remainder when 931 is divided by 11?
7
Calculate the remainder when 34 is divided by 5.
4
What is the remainder when 5247 is divided by 52?
47
Calc